0, 4*v - 5*i = 68. Let m(d) = d**2 - 14*d + 29. Let u be m(v). List the prime factors of (-8463)/(-65) + (-1)/u.
2, 5, 13
Let k(n) = -n**3 - 11*n**2 - 14*n - 37. Let q be k(-14). Suppose v - q = 134. What are the prime factors of v?
881
Let m(k) = -k**3 - 13*k**2 + 30*k - 73. What are the prime factors of m(-33)?
20717
Let k(n) = -n**3 - n**2 - 10*n + 2. Let j be k(5). Let h be (147/(-9) + -1)*j/12. Suppose h + 830 = 4*l. What are the prime factors of l?
3, 31
Let j = 70 + -49. Suppose j + 9 = 6*f. Suppose -f*d + 184 = 4*q, 4*d - 5*q - 141 = -2*q. What are the prime factors of d?
2, 3
Suppose x + 16 = 3*f, -x - 8 + 4 = -f. Suppose -7*i + 65 = f*i. Suppose 4*u - 24 = -2*h, 10 = -2*h + i*u + 16. List the prime factors of h.
2
Suppose -4*p - 112 = -11*p. Suppose p*v - 11*v = -3*f + 1176, -15 = 5*v. List the prime factors of f.
397
Let k = 17 + -13. Suppose 5*x - 35 = 2*w, w + w + 34 = k*x. Let h(v) = v**3 + 14*v**2 - 17*v - 10. What are the prime factors of h(w)?
2, 5
Suppose 39*y - 31*y = -320. List the prime factors of (-11002)/(-18) + y/180.
13, 47
List the prime factors of 2/(-4*(-1)/2738).
37
Let o(k) = -2*k**3 + 39*k**2 - 60*k + 31. List the prime factors of o(-18).
25411
Let r(l) = 116*l - 34. Let a be r(-5). Let f = a - -1520. List the prime factors of f.
2, 3, 151
Let v = -30 - -9033. Suppose -14*o - 1233 + v = 0. What are the prime factors of o?
3, 5, 37
Let x(h) = 857*h - 23. Let j be x(2). Suppose 0 = 2*a - r - 2786, 3*r = 2*a - 1103 - j. List the prime factors of a.
13, 107
Let c(u) = 141 + 135 + 6*u**2 + 36*u**2 - 289 + 3*u. List the prime factors of c(-5).
2, 7, 73
Suppose 2607 = k + 265. Suppose 0 = 5*n - k + 737. What are the prime factors of n?
3, 107
Let d be (14/5)/((-12)/(-30)). Suppose -d*j = -531 - 407. What are the prime factors of j?
2, 67
Suppose 2*k + 66*l - 70*l = 364, -2*l = -5*k + 886. What are the prime factors of k?
2, 11
Let m(r) = 3*r**2 + 61*r + 157. What are the prime factors of m(-28)?
3, 89
Let h(r) = -2*r**2 - 130*r + 9. Let i be h(-11). Let l = i - 680. What are the prime factors of l?
11, 47
Let t be -8 - (-2 - (-9)/3). Let b be (t + 4)*96/15. Let j = b + 43. What are the prime factors of j?
11
Suppose 5*p = 3*o + 196046, 2*o - 22433 = -3*p + 95187. What are the prime factors of p?
2, 13, 29
Suppose -5*y - 2*i = -17 - 2, -30 = -3*y + 5*i. Suppose -1590 = -y*f - 255. What are the prime factors of f?
3, 89
Let m(y) = -3*y - 17 - 29*y + 3*y + 6 + 3*y**2. List the prime factors of m(16).
293
Let q(p) = p**3 - 20*p**2 + 18*p + 21. Let o be q(19). Let x(f) = f**2 - 1. Let c be x(1). Suppose -o*j + 95 + 151 = c. What are the prime factors of j?
3, 41
Suppose 0*x + 10 = 5*x. Let b(w) = 11*w - 6. Let q be b(x). Suppose -22 = -2*f + q. List the prime factors of f.
19
List the prime factors of (-12)/22 + (4649058/(-187))/(-6).
3, 1381
Let t(v) = -263*v + 14. What are the prime factors of t(-123)?
32363
Let x(j) = -2770*j - 2012. What are the prime factors of x(-7)?
2, 8689
Let d = -105558 + 162642. What are the prime factors of d?
2, 3, 67, 71
Let l(t) = -t**2 - 134*t - 1139. What are the prime factors of l(-45)?
2, 1433
Let g be (-1597)/5 + (-8)/(-20). Let a(y) = 6*y**2 + 222*y + 41. Let k be a(-36). Let p = k - g. List the prime factors of p.
2, 3
Suppose -2*a - 31*r = -28*r - 132734, 19*r = 3*a - 198913. What are the prime factors of a?
5, 23, 577
Suppose 0 = 2*a, 3*x = -3*a + 2550 + 38496. List the prime factors of x.
2, 6841
Let y = 117 + 86. Let h = y - -168. List the prime factors of h.
7, 53
Let y(h) = h**3 - h**2 - 4*h - 5. Let z be y(-2). Let x(b) = -6*b - 24. Let p be x(z). What are the prime factors of 10/p*(-2 - (-396 + 1))?
131
Let w = 2489 + 8955. What are the prime factors of w?
2, 2861
List the prime factors of (3 - -74489) + -9 + 12 + -14.
3, 11, 37, 61
Let i(g) = -6 + 4 + 34 - 51*g + 24. Let j be i(-9). Suppose 0 = -5*f + 3*v + 652, 4*v + j = 5*f - 141. What are the prime factors of f?
2
Let p(w) = 6*w - 21. Let v be p(-11). Let h = v - -90. Suppose 504 = -j + 6*j + i, 3*i - 312 = -h*j. What are the prime factors of j?
2, 5
Suppose 0 = 5*i - 0*i + 4*f - 13, -5*f = -3*i + 30. Suppose -2*k = k - i*b - 259, 4*b = 5*k - 410. What are the prime factors of k?
2, 3, 13
Let i(n) = 23*n - 6. Let z be 20/3*27/6. Let o be 8 + 2/((-12)/z). List the prime factors of i(o).
3, 7
Suppose 18*b = -27 + 81. Suppose 1352 + 224 = 2*d + 5*c, b*c = 5*d - 3878. What are the prime factors of d?
2, 389
Let c(t) = -3*t**3 - t - t - 7*t**2 - 23 + t**2 - 7*t. What are the prime factors of c(-5)?
13, 19
Let v(c) = 3*c - 19. Let p be v(13). Let o be 14/(-21) + p/(-6). What are the prime factors of (-3)/o*(102 - -2)?
2, 3, 13
Suppose 308960 = -1237*d + 1247*d. List the prime factors of d.
2, 1931
Suppose -2222067 = -283*q + 1453820. What are the prime factors of q?
31, 419
Let b = -693 + 845. Suppose -166*s = -b*s - 25788. What are the prime factors of s?
2, 3, 307
What are the prime factors of ((-30)/(-140))/(2/623)*(269 + -1)?
3, 67, 89
Let k = -241 + 128. Let y = k - -461. What are the prime factors of y?
2, 3, 29
Suppose 4*b = 2*b - 12. Let w(s) be the first derivative of s**3/3 - s**2 - 9*s + 596. What are the prime factors of w(b)?
3, 13
Suppose 4*f - 23201 + 16791 = 32942. What are the prime factors of f?
2, 4919
Let r(q) = -1016*q - 3539. List the prime factors of r(-42).
39133
Let h = -31655 + 53770. What are the prime factors of h?
5, 4423
Suppose -m - 4 = 0, -3*w - 2*m - 28 = -8*w. Suppose 4*g + w*z - 212 = 140, -3*z - 408 = -5*g. List the prime factors of g.
2, 3, 7
Let d(u) = u**2 + 12*u + 34. Let p be d(-8). Suppose 0 = -4*f - p + 10. Suppose -t - 295 = -5*h + f*t, -4*h = -4*t - 228. What are the prime factors of h?
2, 31
Suppose 2*n + 953 = -3*f - 655, -2*n = -f - 528. Let u = 1701 + f. List the prime factors of u.
3, 389
Let z be (-2)/11 - -4*(-29970)/(-132). Suppose 0 = 14*y - 19*y, 0 = -4*c + 3*y + z. List the prime factors of c.
227
Let u be -24 - (3/(-6))/((-2)/(-4)). List the prime factors of (u*1)/(((-40)/16)/5).
2, 23
Let i(k) = -8*k + 146. Let v be i(18). List the prime factors of (257/v)/(-10*(-5)/100).
257
Let p(v) = -34*v - 7. Let z = 32 + -29. Suppose -30 = 2*b + z*b. What are the prime factors of p(b)?
197
Suppose -3*i + 4 = -2*a - 11, 0 = -3*a. Suppose 0 = -i*h + h - 300. Let r = h + 130. List the prime factors of r.
5, 11
Let d(c) = 12 + 8*c - 28*c - 32*c. List the prime factors of d(-5).
2, 17
Suppose 4*h = q + q + 5628, 0 = 3*q. Suppose 0 = w + 4*i - 590, -4*i = -3*w + 315 + h. What are the prime factors of w?
2, 17
Let r = -572 - 1232. List the prime factors of (1 - 0)/((-22)/r).
2, 41
Let a(r) be the third derivative of 5*r**4/3 - 191*r**3/3 + 2*r**2 - 31. List the prime factors of a(19).
2, 3, 7
Suppose -4*x + 8017 = -f, 3151 = 4*x - 5*f - 4870. What are the prime factors of x?
2, 3, 167
Suppose 45539 = 5*k + 3*r - 26257, 6*k - 4*r = 86140. List the prime factors of k.
2, 3, 2393
Suppose -9*h - 16 = 2. List the prime factors of 63 + 0 + -5 - h.
2, 3, 5
Suppose 6016 + 26984 = 22*f. List the prime factors of f.
2, 3, 5
Let o(i) = i**3 - 6*i**2 - 15*i + 14. Let w be 34/221 + (-256)/(-26). What are the prime factors of o(w)?
2, 3, 11
Let j(l) be the second derivative of 16*l - 8*l**2 + 13/6*l**3 + 0. List the prime factors of j(5).
7
Let v = 128 - 125. Suppose -v*c = -0*g + g - 113, 0 = -2*g - c + 216. List the prime factors of g.
107
Let w(x) = 77*x**2 + 111*x - 15. What are the prime factors of w(-12)?
3, 17, 191
What are the prime factors of 13426 - (5 + (-13 - -19))?
5, 2683
Let u = -42 + 315. Let d = u + -122. List the prime factors of d.
151
Suppose 0 = 322*z - 3024842 - 5034818. List the prime factors of z.
2, 5, 2503
Let a(v) = 3084*v - 2623. List the prime factors of a(5).
67, 191
Let f(x) = -17*x**2 + 36*x + 2. Let g be f(26). List the prime factors of 30/40 - (g/8 - 1).
1321
Suppose -39*j + 66844 + 44259 = 14461. List the prime factors of j.
2, 3, 7, 59
Suppose 2*j + x - 11 - 6 = 0, x + 23 = 3*j. Let u be 0/(4/2*4/j). Suppose 0 = 3*v + 3, u = -2*b - v + 95 + 12. What are the prime factors of b?
2, 3
Suppose 2 = 5*b - 4*s - 13, 3*b - 3*s = 9. Suppose b*z = -3 - 18. What are the prime factors of -2 - (1 - z)/4 - -126?
2, 61
Suppose 4*r + 21 - 51 = -5*g, -5*g - 10 = -4*r. Suppose g*x +